et h(p) = 4*p**2 + 203*p - 646. Give h(3).
-1
Let t(c) = 5*c**2 + 151*c + 942. Give t(-21).
-24
Let k(q) = -2*q**3 - 45*q**2 - 58*q - 23. Calculate k(-8).
-1415
Let g(c) = 52920*c + 105238. Determine g(-2).
-602
Let i(x) = 102*x**2 + 763*x - 373. Calculate i(-8).
51
Let c(n) = 5509*n - 165223. Calculate c(30).
47
Let r(c) = 2793*c - 7405. Calculate r(3).
974
Let y(g) = 23949*g + 311324. Determine y(-13).
-13
Let u(x) = -1957258*x + 3914500. Determine u(2).
-16
Let l(f) = -2*f**3 - 903*f**2 - 11401*f + 5. Determine l(-13).
5
Let i(m) = 50*m**2 - 50*m + 180. Determine i(5).
1180
Let f(v) = -v**3 - 5*v**2 + 266*v + 1334. Give f(-5).
4
Let g(n) = n**3 + 308*n**2 + 2312*n + 60. Calculate g(-8).
764
Let u(x) = 1088*x**2 - 49*x - 13. Determine u(0).
-13
Let k(y) = -5*y**3 - 50*y**2 - 8*y + 60. Determine k(-9).
-273
Let r(l) = -535985*l**2 + 1607945*l + 3. What is r(3)?
-27
Let b(c) = -863*c**2 + 3472*c - 103. Determine b(4).
-23
Let c(z) = z**3 + 38*z**2 - 1011*z - 188. Give c(-56).
-20
Let c(u) = u**3 + 937*u**2 - 3723*u - 39. Calculate c(4).
125
Let u(y) = y**2 - 2830*y + 1210118. Calculate u(525).
-7
Let o(b) = -2*b**2 + 19*b + 1337. Determine o(30).
107
Let y(b) = 5528*b - 1586612. What is y(287)?
-76
Let y(c) = -286*c - 11769. Calculate y(-40).
-329
Let l(j) = -1956*j**2 - 10026*j - 25. Determine l(-5).
1205
Let z(r) = 204*r - 3173. Determine z(15).
-113
Let i(o) = -41635*o + 19526800. What is i(469)?
-15
Let i(l) = 6*l**2 + 89*l - 365. Calculate i(4).
87
Let j(b) = 3*b**2 + 321*b + 7897. Give j(-25).
1747
Let i(g) = 27962*g - 12582893. Determine i(450).
7
Let b(h) = -h**3 + 55*h**2 - 126*h + 218. What is b(53)?
-842
Let q(s) = -1548*s - 4246. Calculate q(-5).
3494
Let c(l) = -l**3 - 18*l**2 + 1241*l + 25. Determine c(29).
-3513
Let f(j) = -4892*j + 450057. What is f(92)?
-7
Let u(s) = s**2 + 3934*s - 3291882. What is u(709)?
5
Let j(n) = 593*n - 311318. Calculate j(525).
7
Let k(o) = 2*o**3 + 3474*o**2 + 1383081*o - 3350. Calculate k(-1119).
7
Let z(n) = -2*n**2 - 74761*n + 822621. Determine z(11).
8
Let i(y) = y**3 + 1148*y**2 - 7744*y - 2390. What is i(7)?
-3
Let r(a) = -a**3 + 61*a**2 - 358*a + 1258. What is r(55)?
-282
Let l(o) = -o**3 + 83*o**2 - 1775*o - 69. Calculate l(44).
-2665
Let t(p) = -2*p**3 + 90*p**2 + 91*p - 8. Give t(46).
-54
Let n(r) = -394*r**2 + 493680*r + 2494. What is n(1253)?
-12
Let b(c) = 3*c**2 - 427*c + 3375. Give b(134).
25
Let h(j) = 82*j**2 + 78*j - 65. Determine h(1).
95
Let o(k) = 2*k**2 + 3123*k + 64705. Give o(-21).
4
Let r(q) = -q**2 + 342752*q + 4113183. Give r(-12).
15
Let a(k) = 26*k**2 - 2406*k - 964. Determine a(93).
152
Let c(o) = -o**3 - 17*o**2 + 3039*o - 1452. What is c(47)?
5
Let o(t) = 2*t**3 - 8*t**2 + 182*t - 1573. Determine o(7).
-5
Let m(t) = -t**3 + 79*t**2 - 690*t + 38. Calculate m(69).
38
Let q(i) = -104887*i - 2307544. What is q(-22)?
-30
Let f(p) = -p**2 - 507*p - 20037. Give f(-42).
-507
Let v(x) = 645*x**2 - 7745*x - 68. What is v(12)?
-128
Let a(c) = 13*c**3 + 119*c**2 + 106*c - 70. Calculate a(-8).
42
Let c(q) = -558997*q + 2235978. Give c(4).
-10
Let n(r) = 23800*r - 2951202. Give n(124).
-2
Let l(s) = -8083*s - 443801. Give l(-55).
764
Let d(f) = -24*f**2 + 206*f + 204. What is d(-1)?
-26
Let c(p) = 56*p**2 - 5813*p - 954. Give c(104).
190
Let a(t) = -2669327*t + 10677326. Calculate a(4).
18
Let q(k) = -90*k**2 + 3533*k + 10622. Determine q(-3).
-787
Let c(n) = -2*n**2 + 46915*n - 234539. Calculate c(5).
-14
Let y(b) = -76*b - 4091. What is y(-58)?
317
Let x(d) = 143*d + 9102. Give x(-64).
-50
Let m(i) = 774*i + 42178. Give m(-56).
-1166
Let b(x) = -6481*x - 77873. What is b(-12)?
-101
Let k(p) = -p**3 + 165*p**2 - 8745*p + 1304282. What is k(161)?
21
Let r(c) = 6392*c - 178993. Calculate r(28).
-17
Let l(t) = -4672*t - 4651. Calculate l(-1).
21
Let n(y) = 2662*y - 891745. Calculate n(335).
25
Let b(g) = 8043*g - 8050. Calculate b(1).
-7
Let z(h) = 2*h**3 + 43*h**2 - 518*h - 18. Give z(10).
1102
Let p(h) = -3*h**3 + 168*h**2 - 53*h + 2961. What is p(56)?
-7
Let h(a) = -10*a**2 + 3472*a - 6916. What is h(2)?
-12
Let k(r) = 3*r**2 + 21540*r + 2123993. Determine k(-100).
-7
Let u(n) = 2*n**3 - 73*n**2 + 97*n - 225. Give u(35).
-505
Let m(b) = 735*b + 24436. Calculate m(-34).
-554
Let o(v) = v**3 - 79*v**2 - 1465*v - 5021. Give o(95).
204
Let n(y) = y**2 - 582*y - 46186. Calculate n(-72).
902
Let f(p) = -95*p - 2665. What is f(-29)?
90
Let p(b) = -9888*b + 1275553. Determine p(129).
1
Let h(l) = -17168*l - 1939999. What is h(-113)?
-15
Let y(o) = 1944*o - 149461. Give y(77).
227
Let r(j) = 23444*j + 961201. What is r(-41)?
-3
Let k(i) = -1785*i + 153522. Calculate k(86).
12
Let n(m) = 10*m**3 - 171*m**2 + 235*m - 851. What is n(16)?
93
Let k(u) = 1880*u - 107022. Calculate k(57).
138
Let g(d) = 2204*d - 2186. Determine g(1).
18
Let t(w) = 2*w**2 - 1673*w + 343879. Give t(473).
8
Let j(c) = -37*c - 4621. Determine j(-126).
41
Let m(j) = -3*j**2 - 158*j + 526. Calculate m(3).
25
Let d(z) = 2*z**3 + 226*z**2 + 454*z + 767. Calculate d(-111).
-343
Let y(q) = -q**3 + 14*q**2 - 1264*q + 17697. Calculate y(14).
1
Let r(m) = m**2 + 1438*m - 200360. What is r(128)?
88
Let r(v) = v**3 - 30*v**2 + 55*v - 2712. Determine r(31).
-46
Let v(l) = 7*l**3 - 1477*l**2 + l - 203. Give v(211).
8
Let l(n) = -49469*n + 1335714. Calculate l(27).
51
Let n(m) = -m**2 + 92222*m - 3226577. Calculate n(35).
-32
Let f(d) = d**2 - 2643*d + 65458. Give f(25).
8
Let v(a) = 4*a**3 + 4*a**2 + 23*a - 8. Calculate v(-5).
-523
Let a(q) = -18*q**3 + 17153*q**2 + 951*q + 2129. Give a(953).
223
Let g(j) = 6445994*j + 6445981. Give g(-1).
-13
Let z(d) = d**3 - 45*d**2 + 148*d + 402. What is z(41)?
-254
Let m(j) = j**3 - 19*j**2 - 62*j + 230. Calculate m(6).
-610
Let g(t) = 506*t - 11129. Give g(23).
509
Let n(h) = -2*h**2 - 2348*h + 718696. What is n(252)?
-8
Let p(q) = -q**3 + 232*q**2 - 252*q + 4774. What is p(231)?
-77
Let l(j) = 189*j - 15793. Determine l(93).
1784
Let b(t) = t**3 - 288*t**2 + 9718*t - 32. Calculate b(39).
241
Let r(p) = 844*p + 3561. Calculate r(-4).
185
Let t(j) = -j**2 - 1567*j + 116289. Give t(71).
-9
Let c(g) = 2*g**3 + 1246*g**2 - 926*g + 200928. Give c(-624).
0
Let x(p) = p**3 - 181*p**2 + 1466*p - 72805. Give x(175).
-5
Let w(d) = -523*d**2 + 209*d - 10. Give w(3).
-4090
Let w(z) = 10*z**3 + 10*z**2 - 428*z + 18. Determine w(6).
-30
Let v(l) = -5114*l + 183903. Determine v(36).
-201
Let n(h) = -2*h**2 - 121*h + 1209. What is n(17)?
-1426
Let q(f) = f**3 - 12*f**2 - 5877*f + 58964. Determine q(10).
-6
Let m(y) = y**3 + 90*y**2 + 3275*y + 306299. Calculate m(-91).
-7
Let p(r) = -13*r**2 - 2831*r + 1602. Give p(-218).
948
Let m(p) = -11*p**2 - 318*p - 1679. Determine m(-7).
8
Let v(w) = -w**3 + 137*w**2 + 94*w + 5890. Give v(138).
-182
Let g(f) = -1235*f + 415. What is g(4)?
-4525
Let p(i) = 6*i**3 - 36*i**2 - 993*i + 5952. Calculate p(6).
-6
Let v(u) = -3*u**3 - 229*u**2 + 139*u - 1179. Calculate v(-77).
-24
Let t(f) = -4*f**3 + 11*f**2 + 435*f - 2137. Give t(8).
-1
Let c(y) = -14*y**2 - 123*y - 448. Calculate c(-4).
-180
Let s(y) = -21*y**3 + 20138*y**2 + 963*y - 3854. What is s(959)?
-18
Let f(h) = 964071*h + 3856268. What is f(-4)?
-16
Let t(z) = -z**3 + 87*z**2 - 1836*z - 9. Give t(51).
-9
Let z(k) = 28*k**2 + 302*k - 641. Determine z(2).
75
Let r(v) = -24*v**2 + 9792*v + 390. Calculate r(408).
390
Let a(r) = -173*r + 4125. Calculate a(21).
492
Let p(b) = 3*b**2 - 1322*b - 11225. What is p(449)?
0
Let i(b) = b**3 + 8*b**2 + 4540*b + 59732. Determine i(-13).
-133
Let r(m) = 13*m**2 - 4*m - 255. Determine r(-6).
237
Let v(a) = -4170*a - 104248. Give v(-25).
2
Let g(c) = -3168*c + 2087725. Determine g(659).
13
Let r(q) = 43*q**2 - 113*q - 64. What is r(3)?
-16
Let i(l) = 61*l**2 - 134*l + 665. Give i(5).
1520
Let d(k) = 6*k**3 - 44*k**2 - 827*k + 682. Calculate d(-9).
187
Let m(u) = -2*u**2 + 55919*u - 447226. Give m(8).
-2
Let f(v) = -3075*v**3 + v**2 - 8*v. Give f(0).
0
Let g(d) = -19856*d + 3097533. Calculate g(156).
-3
Let p(g) = -g**3 + 3*g**2 - 61*g + 1232. What is p(12)?
-796
Let w(q) = -2842*q**2 - 858283*q + 303. Calculate w(-302).
1
Let z(u) = u**3 + 91*u**2 - 708*u - 679. Determine z(-98).
1477
Let v(d) = 26*d**3 + 19*d**2 + 17*d + 25. What is v(-1)?
1
Let b(j) = j**3 - 689*j**2 + 21649